{"id":52133,"date":"2022-04-27T16:23:58","date_gmt":"2022-04-27T16:23:58","guid":{"rendered":"https:\/\/observatorio-democracia.pt\/estado-da-democracia-no-mundo\/"},"modified":"2022-06-23T00:00:30","modified_gmt":"2022-06-23T00:00:30","slug":"estado-da-democracia-no-mundo","status":"publish","type":"page","link":"https:\/\/observatorio-democracia.pt\/en\/estado-da-democracia-no-mundo\/","title":{"rendered":"State of Democracy in the World"},"content":{"rendered":"\t\t<div data-elementor-type=\"wp-page\" data-elementor-id=\"52133\" class=\"elementor elementor-52133 elementor-50590\" data-elementor-post-type=\"page\">\n\t\t\t\t\t\t<section class=\"elementor-section elementor-top-section elementor-element elementor-element-64f606a elementor-section-height-min-height elementor-section-items-stretch elementor-section-content-middle elementor-section-boxed elementor-section-height-default\" data-id=\"64f606a\" data-element_type=\"section\">\n\t\t\t\t\t\t\t<div class=\"elementor-background-overlay\"><\/div>\n\t\t\t\t\t\t\t<div class=\"elementor-container elementor-column-gap-wider\">\n\t\t\t\t\t<div class=\"elementor-column elementor-col-100 elementor-top-column elementor-element elementor-element-dd9b4aa\" data-id=\"dd9b4aa\" data-element_type=\"column\" data-settings=\"{&quot;background_background&quot;:&quot;classic&quot;}\">\n\t\t\t<div class=\"elementor-widget-wrap elementor-element-populated\">\n\t\t\t\t\t\t\t<\/div>\n\t\t<\/div>\n\t\t\t\t\t<\/div>\n\t\t<\/section>\n\t\t\t\t<\/div>\n\t\t","protected":false},"excerpt":{"rendered":"<p>State of Democracy in the World Estado da Democracia no Mundo, Investiga\u00e7\u00e3o27 de Abril, 2022 Democratic political representation concerns the incorporation of citizenship into the political process and political decision-making\u2026 Read more<\/p>\n","protected":false},"author":1,"featured_media":0,"parent":0,"menu_order":10,"comment_status":"closed","ping_status":"closed","template":"","meta":{"footnotes":""},"class_list":["post-52133","page","type-page","status-publish","hentry"],"yoast_head":"<!-- This site is optimized with the Yoast SEO plugin v24.7 - https:\/\/yoast.com\/wordpress\/plugins\/seo\/ -->\n<title>State of Democracy | Observatory of Democracy ISCTE Portugal<\/title>\n<meta name=\"description\" content=\"Articles on the evaluation and status of Democracy from the perspective of the Democracy Observatory, ISCTE Portugal.\" \/>\n<meta name=\"robots\" content=\"index, follow, max-snippet:-1, max-image-preview:large, max-video-preview:-1\" \/>\n<link rel=\"canonical\" href=\"https:\/\/observatorio-democracia.pt\/en\/estado-da-democracia-no-mundo\/\" \/>\n<meta property=\"og:locale\" content=\"en_US\" \/>\n<meta property=\"og:type\" content=\"article\" \/>\n<meta property=\"og:title\" content=\"State of Democracy | Observatory of Democracy ISCTE Portugal\" \/>\n<meta property=\"og:description\" content=\"Articles on the evaluation and status of Democracy from the perspective of the Democracy Observatory, ISCTE Portugal.\" \/>\n<meta property=\"og:url\" content=\"https:\/\/observatorio-democracia.pt\/en\/estado-da-democracia-no-mundo\/\" \/>\n<meta property=\"og:site_name\" content=\"Observat\u00f3rio da Democracia e da Representa\u00e7\u00e3o Pol\u00edtica\" \/>\n<meta property=\"article:publisher\" content=\"https:\/\/www.facebook.com\/observatorio.democracia.representacao.politica\" \/>\n<meta property=\"article:modified_time\" content=\"2022-06-23T00:00:30+00:00\" \/>\n<meta property=\"og:image\" content=\"https:\/\/observatorio-democracia.pt\/wp-content\/uploads\/2022\/04\/democracia-pelo-mundo-925x616.jpg\" \/>\n<meta name=\"twitter:card\" content=\"summary_large_image\" \/>\n<meta name=\"twitter:site\" content=\"@Observatorioda4\" \/>\n<meta name=\"twitter:label1\" content=\"Est. reading time\" \/>\n\t<meta name=\"twitter:data1\" content=\"2 minutes\" \/>\n<script type=\"application\/ld+json\" class=\"yoast-schema-graph\">{\"@context\":\"https:\/\/schema.org\",\"@graph\":[{\"@type\":\"WebPage\",\"@id\":\"https:\/\/observatorio-democracia.pt\/en\/estado-da-democracia-no-mundo\/\",\"url\":\"https:\/\/observatorio-democracia.pt\/en\/estado-da-democracia-no-mundo\/\",\"name\":\"State of Democracy | Observatory of Democracy ISCTE Portugal\",\"isPartOf\":{\"@id\":\"https:\/\/observatorio-democracia.pt\/en\/#website\"},\"primaryImageOfPage\":{\"@id\":\"https:\/\/observatorio-democracia.pt\/en\/estado-da-democracia-no-mundo\/#primaryimage\"},\"image\":{\"@id\":\"https:\/\/observatorio-democracia.pt\/en\/estado-da-democracia-no-mundo\/#primaryimage\"},\"thumbnailUrl\":\"https:\/\/observatorio-democracia.pt\/wp-content\/uploads\/2022\/04\/democracia-pelo-mundo-925x616.jpg\",\"datePublished\":\"2022-04-27T16:23:58+00:00\",\"dateModified\":\"2022-06-23T00:00:30+00:00\",\"description\":\"Articles on the evaluation and status of Democracy from the perspective of the Democracy Observatory, ISCTE Portugal.\",\"breadcrumb\":{\"@id\":\"https:\/\/observatorio-democracia.pt\/en\/estado-da-democracia-no-mundo\/#breadcrumb\"},\"inLanguage\":\"en-US\",\"potentialAction\":[{\"@type\":\"ReadAction\",\"target\":[\"https:\/\/observatorio-democracia.pt\/en\/estado-da-democracia-no-mundo\/\"]}]},{\"@type\":\"ImageObject\",\"inLanguage\":\"en-US\",\"@id\":\"https:\/\/observatorio-democracia.pt\/en\/estado-da-democracia-no-mundo\/#primaryimage\",\"url\":\"https:\/\/observatorio-democracia.pt\/wp-content\/uploads\/2022\/04\/democracia-pelo-mundo-925x616.jpg\",\"contentUrl\":\"https:\/\/observatorio-democracia.pt\/wp-content\/uploads\/2022\/04\/democracia-pelo-mundo-925x616.jpg\"},{\"@type\":\"BreadcrumbList\",\"@id\":\"https:\/\/observatorio-democracia.pt\/en\/estado-da-democracia-no-mundo\/#breadcrumb\",\"itemListElement\":[{\"@type\":\"ListItem\",\"position\":1,\"name\":\"In\u00edcio\",\"item\":\"https:\/\/observatorio-democracia.pt\/en\/\"},{\"@type\":\"ListItem\",\"position\":2,\"name\":\"State of Democracy in the World\"}]},{\"@type\":\"WebSite\",\"@id\":\"https:\/\/observatorio-democracia.pt\/en\/#website\",\"url\":\"https:\/\/observatorio-democracia.pt\/en\/\",\"name\":\"Observat\u00f3rio da Democracia e da Representa\u00e7\u00e3o Pol\u00edtica\",\"description\":\"Um bem para a Cidadania\",\"publisher\":{\"@id\":\"https:\/\/observatorio-democracia.pt\/en\/#organization\"},\"potentialAction\":[{\"@type\":\"SearchAction\",\"target\":{\"@type\":\"EntryPoint\",\"urlTemplate\":\"https:\/\/observatorio-democracia.pt\/en\/?s={search_term_string}\"},\"query-input\":{\"@type\":\"PropertyValueSpecification\",\"valueRequired\":true,\"valueName\":\"search_term_string\"}}],\"inLanguage\":\"en-US\"},{\"@type\":\"Organization\",\"@id\":\"https:\/\/observatorio-democracia.pt\/en\/#organization\",\"name\":\"Observat\u00f3rio da Democracia e da Representa\u00e7\u00e3o Pol\u00edtica\",\"url\":\"https:\/\/observatorio-democracia.pt\/en\/\",\"logo\":{\"@type\":\"ImageObject\",\"inLanguage\":\"en-US\",\"@id\":\"https:\/\/observatorio-democracia.pt\/en\/#\/schema\/logo\/image\/\",\"url\":\"https:\/\/observatorio-democracia.pt\/wp-content\/uploads\/2022\/04\/logo-observatorio-democracia-forms.jpg\",\"contentUrl\":\"https:\/\/observatorio-democracia.pt\/wp-content\/uploads\/2022\/04\/logo-observatorio-democracia-forms.jpg\",\"width\":400,\"height\":98,\"caption\":\"Observat\u00f3rio da Democracia e da Representa\u00e7\u00e3o Pol\u00edtica\"},\"image\":{\"@id\":\"https:\/\/observatorio-democracia.pt\/en\/#\/schema\/logo\/image\/\"},\"sameAs\":[\"https:\/\/www.facebook.com\/observatorio.democracia.representacao.politica\",\"https:\/\/x.com\/Observatorioda4\",\"https:\/\/www.instagram.com\/observatoriodrp\/\"]}]}<\/script>\n<!-- \/ Yoast SEO plugin. -->","yoast_head_json":{"title":"State of Democracy | Observatory of Democracy ISCTE Portugal","description":"Articles on the evaluation and status of Democracy from the perspective of the Democracy Observatory, ISCTE Portugal.","robots":{"index":"index","follow":"follow","max-snippet":"max-snippet:-1","max-image-preview":"max-image-preview:large","max-video-preview":"max-video-preview:-1"},"canonical":"https:\/\/observatorio-democracia.pt\/en\/estado-da-democracia-no-mundo\/","og_locale":"en_US","og_type":"article","og_title":"State of Democracy | Observatory of Democracy ISCTE Portugal","og_description":"Articles on the evaluation and status of Democracy from the perspective of the Democracy Observatory, ISCTE Portugal.","og_url":"https:\/\/observatorio-democracia.pt\/en\/estado-da-democracia-no-mundo\/","og_site_name":"Observat\u00f3rio da Democracia e da Representa\u00e7\u00e3o Pol\u00edtica","article_publisher":"https:\/\/www.facebook.com\/observatorio.democracia.representacao.politica","article_modified_time":"2022-06-23T00:00:30+00:00","og_image":[{"url":"https:\/\/observatorio-democracia.pt\/wp-content\/uploads\/2022\/04\/democracia-pelo-mundo-925x616.jpg","type":"","width":"","height":""}],"twitter_card":"summary_large_image","twitter_site":"@Observatorioda4","twitter_misc":{"Est. reading time":"2 minutes"},"schema":{"@context":"https:\/\/schema.org","@graph":[{"@type":"WebPage","@id":"https:\/\/observatorio-democracia.pt\/en\/estado-da-democracia-no-mundo\/","url":"https:\/\/observatorio-democracia.pt\/en\/estado-da-democracia-no-mundo\/","name":"State of Democracy | Observatory of Democracy ISCTE Portugal","isPartOf":{"@id":"https:\/\/observatorio-democracia.pt\/en\/#website"},"primaryImageOfPage":{"@id":"https:\/\/observatorio-democracia.pt\/en\/estado-da-democracia-no-mundo\/#primaryimage"},"image":{"@id":"https:\/\/observatorio-democracia.pt\/en\/estado-da-democracia-no-mundo\/#primaryimage"},"thumbnailUrl":"https:\/\/observatorio-democracia.pt\/wp-content\/uploads\/2022\/04\/democracia-pelo-mundo-925x616.jpg","datePublished":"2022-04-27T16:23:58+00:00","dateModified":"2022-06-23T00:00:30+00:00","description":"Articles on the evaluation and status of Democracy from the perspective of the Democracy Observatory, ISCTE Portugal.","breadcrumb":{"@id":"https:\/\/observatorio-democracia.pt\/en\/estado-da-democracia-no-mundo\/#breadcrumb"},"inLanguage":"en-US","potentialAction":[{"@type":"ReadAction","target":["https:\/\/observatorio-democracia.pt\/en\/estado-da-democracia-no-mundo\/"]}]},{"@type":"ImageObject","inLanguage":"en-US","@id":"https:\/\/observatorio-democracia.pt\/en\/estado-da-democracia-no-mundo\/#primaryimage","url":"https:\/\/observatorio-democracia.pt\/wp-content\/uploads\/2022\/04\/democracia-pelo-mundo-925x616.jpg","contentUrl":"https:\/\/observatorio-democracia.pt\/wp-content\/uploads\/2022\/04\/democracia-pelo-mundo-925x616.jpg"},{"@type":"BreadcrumbList","@id":"https:\/\/observatorio-democracia.pt\/en\/estado-da-democracia-no-mundo\/#breadcrumb","itemListElement":[{"@type":"ListItem","position":1,"name":"In\u00edcio","item":"https:\/\/observatorio-democracia.pt\/en\/"},{"@type":"ListItem","position":2,"name":"State of Democracy in the World"}]},{"@type":"WebSite","@id":"https:\/\/observatorio-democracia.pt\/en\/#website","url":"https:\/\/observatorio-democracia.pt\/en\/","name":"Observat\u00f3rio da Democracia e da Representa\u00e7\u00e3o Pol\u00edtica","description":"Um bem para a Cidadania","publisher":{"@id":"https:\/\/observatorio-democracia.pt\/en\/#organization"},"potentialAction":[{"@type":"SearchAction","target":{"@type":"EntryPoint","urlTemplate":"https:\/\/observatorio-democracia.pt\/en\/?s={search_term_string}"},"query-input":{"@type":"PropertyValueSpecification","valueRequired":true,"valueName":"search_term_string"}}],"inLanguage":"en-US"},{"@type":"Organization","@id":"https:\/\/observatorio-democracia.pt\/en\/#organization","name":"Observat\u00f3rio da Democracia e da Representa\u00e7\u00e3o Pol\u00edtica","url":"https:\/\/observatorio-democracia.pt\/en\/","logo":{"@type":"ImageObject","inLanguage":"en-US","@id":"https:\/\/observatorio-democracia.pt\/en\/#\/schema\/logo\/image\/","url":"https:\/\/observatorio-democracia.pt\/wp-content\/uploads\/2022\/04\/logo-observatorio-democracia-forms.jpg","contentUrl":"https:\/\/observatorio-democracia.pt\/wp-content\/uploads\/2022\/04\/logo-observatorio-democracia-forms.jpg","width":400,"height":98,"caption":"Observat\u00f3rio da Democracia e da Representa\u00e7\u00e3o Pol\u00edtica"},"image":{"@id":"https:\/\/observatorio-democracia.pt\/en\/#\/schema\/logo\/image\/"},"sameAs":["https:\/\/www.facebook.com\/observatorio.democracia.representacao.politica","https:\/\/x.com\/Observatorioda4","https:\/\/www.instagram.com\/observatoriodrp\/"]}]}},"_links":{"self":[{"href":"https:\/\/observatorio-democracia.pt\/en\/wp-json\/wp\/v2\/pages\/52133","targetHints":{"allow":["GET"]}}],"collection":[{"href":"https:\/\/observatorio-democracia.pt\/en\/wp-json\/wp\/v2\/pages"}],"about":[{"href":"https:\/\/observatorio-democracia.pt\/en\/wp-json\/wp\/v2\/types\/page"}],"author":[{"embeddable":true,"href":"https:\/\/observatorio-democracia.pt\/en\/wp-json\/wp\/v2\/users\/1"}],"replies":[{"embeddable":true,"href":"https:\/\/observatorio-democracia.pt\/en\/wp-json\/wp\/v2\/comments?post=52133"}],"version-history":[{"count":6,"href":"https:\/\/observatorio-democracia.pt\/en\/wp-json\/wp\/v2\/pages\/52133\/revisions"}],"predecessor-version":[{"id":52513,"href":"https:\/\/observatorio-democracia.pt\/en\/wp-json\/wp\/v2\/pages\/52133\/revisions\/52513"}],"wp:attachment":[{"href":"https:\/\/observatorio-democracia.pt\/en\/wp-json\/wp\/v2\/media?parent=52133"}],"curies":[{"name":"wp","href":"https:\/\/api.w.org\/{rel}","templated":true}]}}

<p>State of Democracy in the World Estado da Democracia no Mundo, Investigação27 de Abril, 2022 Democratic political representation concerns the incorporation of citizenship into the political process and political decision-making… Read more</p>

<!-- This site is optimized with the Yoast SEO plugin v24.7 - https://yoast.com/wordpress/plugins/seo/ -->
<title>State of Democracy | Observatory of Democracy ISCTE Portugal</title>
<meta name="description" content="Articles on the evaluation and status of Democracy from the perspective of the Democracy Observatory, ISCTE Portugal." />
<meta name="robots" content="index, follow, max-snippet:-1, max-image-preview:large, max-video-preview:-1" />
<link rel="canonical" href="https://observatorio-democracia.pt/en/estado-da-democracia-no-mundo/" />
<meta property="og:locale" content="en_US" />
<meta property="og:type" content="article" />
<meta property="og:title" content="State of Democracy | Observatory of Democracy ISCTE Portugal" />
<meta property="og:description" content="Articles on the evaluation and status of Democracy from the perspective of the Democracy Observatory, ISCTE Portugal." />
<meta property="og:url" content="https://observatorio-democracia.pt/en/estado-da-democracia-no-mundo/" />
<meta property="og:site_name" content="Observatório da Democracia e da Representação Política" />
<meta property="article:publisher" content="https://www.facebook.com/observatorio.democracia.representacao.politica" />
<meta property="article:modified_time" content="2022-06-23T00:00:30+00:00" />
<meta property="og:image" content="https://observatorio-democracia.pt/wp-content/uploads/2022/04/democracia-pelo-mundo-925x616.jpg" />
<meta name="twitter:card" content="summary_large_image" />
<meta name="twitter:site" content="@Observatorioda4" />
<meta name="twitter:label1" content="Est. reading time" />
	<meta name="twitter:data1" content="2 minutes" />
<script type="application/ld+json" class="yoast-schema-graph">{"@context":"https://schema.org","@graph":[{"@type":"WebPage","@id":"https://observatorio-democracia.pt/en/estado-da-democracia-no-mundo/","url":"https://observatorio-democracia.pt/en/estado-da-democracia-no-mundo/","name":"State of Democracy | Observatory of Democracy ISCTE Portugal","isPartOf":{"@id":"https://observatorio-democracia.pt/en/#website"},"primaryImageOfPage":{"@id":"https://observatorio-democracia.pt/en/estado-da-democracia-no-mundo/#primaryimage"},"image":{"@id":"https://observatorio-democracia.pt/en/estado-da-democracia-no-mundo/#primaryimage"},"thumbnailUrl":"https://observatorio-democracia.pt/wp-content/uploads/2022/04/democracia-pelo-mundo-925x616.jpg","datePublished":"2022-04-27T16:23:58+00:00","dateModified":"2022-06-23T00:00:30+00:00","description":"Articles on the evaluation and status of Democracy from the perspective of the Democracy Observatory, ISCTE Portugal.","breadcrumb":{"@id":"https://observatorio-democracia.pt/en/estado-da-democracia-no-mundo/#breadcrumb"},"inLanguage":"en-US","potentialAction":[{"@type":"ReadAction","target":["https://observatorio-democracia.pt/en/estado-da-democracia-no-mundo/"]}]},{"@type":"ImageObject","inLanguage":"en-US","@id":"https://observatorio-democracia.pt/en/estado-da-democracia-no-mundo/#primaryimage","url":"https://observatorio-democracia.pt/wp-content/uploads/2022/04/democracia-pelo-mundo-925x616.jpg","contentUrl":"https://observatorio-democracia.pt/wp-content/uploads/2022/04/democracia-pelo-mundo-925x616.jpg"},{"@type":"BreadcrumbList","@id":"https://observatorio-democracia.pt/en/estado-da-democracia-no-mundo/#breadcrumb","itemListElement":[{"@type":"ListItem","position":1,"name":"Início","item":"https://observatorio-democracia.pt/en/"},{"@type":"ListItem","position":2,"name":"State of Democracy in the World"}]},{"@type":"WebSite","@id":"https://observatorio-democracia.pt/en/#website","url":"https://observatorio-democracia.pt/en/","name":"Observatório da Democracia e da Representação Política","description":"Um bem para a Cidadania","publisher":{"@id":"https://observatorio-democracia.pt/en/#organization"},"potentialAction":[{"@type":"SearchAction","target":{"@type":"EntryPoint","urlTemplate":"https://observatorio-democracia.pt/en/?s={search_term_string}"},"query-input":{"@type":"PropertyValueSpecification","valueRequired":true,"valueName":"search_term_string"}}],"inLanguage":"en-US"},{"@type":"Organization","@id":"https://observatorio-democracia.pt/en/#organization","name":"Observatório da Democracia e da Representação Política","url":"https://observatorio-democracia.pt/en/","logo":{"@type":"ImageObject","inLanguage":"en-US","@id":"https://observatorio-democracia.pt/en/#/schema/logo/image/","url":"https://observatorio-democracia.pt/wp-content/uploads/2022/04/logo-observatorio-democracia-forms.jpg","contentUrl":"https://observatorio-democracia.pt/wp-content/uploads/2022/04/logo-observatorio-democracia-forms.jpg","width":400,"height":98,"caption":"Observatório da Democracia e da Representação Política"},"image":{"@id":"https://observatorio-democracia.pt/en/#/schema/logo/image/"},"sameAs":["https://www.facebook.com/observatorio.democracia.representacao.politica","https://x.com/Observatorioda4","https://www.instagram.com/observatoriodrp/"]}]}</script>
<!-- / Yoast SEO plugin. -->

Observatório da Democracia e da Representação Política

Início
