{"id":53780,"date":"2023-12-04T16:33:09","date_gmt":"2023-12-04T16:33:09","guid":{"rendered":"https:\/\/observatorio-democracia.pt\/?post_type=mec-events&#038;p=53780"},"modified":"2023-12-04T16:58:25","modified_gmt":"2023-12-04T16:58:25","slug":"workshop-computational-methods-and-social-movements","status":"publish","type":"mec-events","link":"https:\/\/observatorio-democracia.pt\/en\/events\/workshop-computational-methods-and-social-movements\/","title":{"rendered":"workshop Computational Methods and Social Movements"},"content":{"rendered":"<p>On Tuesday 5 December, at 3pm, the Laborat\u00f3rio de Inova\u00e7\u00e3o Metodol\u00f3gica (LIM) will hold the workshop &#8220;Computational Methods and Social Movements&#8221; with the participation of CIES-Iscte researchers Tiago Carvalho and Jo\u00e3o Santos.<\/p>\n<p>Based on the example of environmental and housing movements, the seminar will discuss the use of computational methods and their usefulness for collecting data to study social movements.<\/p>\n<p>LIM seeks to disseminate and develop methodological innovation practices among researchers and research areas at CIES-Iscte, as well as to promote closer interdisciplinary collaboration in this area with other research centres at Iscte-Instituto Universit\u00e1rio de Lisboa, in particular the SocioDigital Lab.<\/p>\n<p>Date and time:<\/p>\n<p>Tuesday 5 December 2023, at 3pm<\/p>\n<p>Venue:<\/p>\n<p>Room AA2.25, Building 3 of Iscte &#8211; Instituto Universit\u00e1rio de Lisboa<\/p>\n","protected":false},"excerpt":{"rendered":"<p>Based on the example of environmental and housing movements, the seminar will discuss the use of computational methods and their usefulness for collecting data to study social movements.<\/p>\n","protected":false},"author":2,"featured_media":53779,"comment_status":"closed","ping_status":"closed","template":"","tags":[],"mec_category":[],"class_list":["post-53780","mec-events","type-mec-events","status-publish","has-post-thumbnail","hentry","description-off"],"yoast_head":"<!-- This site is optimized with the Yoast SEO plugin v24.7 - https:\/\/yoast.com\/wordpress\/plugins\/seo\/ -->\n<title>workshop Computational Methods and Social Movements | Observat\u00f3rio da Democracia e da Representa\u00e7\u00e3o Pol\u00edtica<\/title>\n<meta name=\"description\" content=\"workshop &quot;Computational Methods and Social Movements&quot; with the participation of CIES-Iscte researchers Tiago Carvalho and Jo\u00e3o Santos.\" \/>\n<meta name=\"robots\" content=\"index, follow, max-snippet:-1, max-image-preview:large, max-video-preview:-1\" \/>\n<link rel=\"canonical\" href=\"https:\/\/observatorio-democracia.pt\/en\/events\/workshop-computational-methods-and-social-movements\/\" \/>\n<meta property=\"og:locale\" content=\"en_US\" \/>\n<meta property=\"og:type\" content=\"article\" \/>\n<meta property=\"og:title\" content=\"workshop Computational Methods and Social Movements | Observat\u00f3rio da Democracia e da Representa\u00e7\u00e3o Pol\u00edtica\" \/>\n<meta property=\"og:description\" content=\"workshop &quot;Computational Methods and Social Movements&quot; with the participation of CIES-Iscte researchers Tiago Carvalho and Jo\u00e3o Santos.\" \/>\n<meta property=\"og:url\" content=\"https:\/\/observatorio-democracia.pt\/en\/events\/workshop-computational-methods-and-social-movements\/\" \/>\n<meta property=\"og:site_name\" content=\"Observat\u00f3rio da Democracia e da Representa\u00e7\u00e3o Pol\u00edtica\" \/>\n<meta property=\"article:publisher\" content=\"https:\/\/www.facebook.com\/observatorio.democracia.representacao.politica\" \/>\n<meta property=\"article:modified_time\" content=\"2023-12-04T16:58:25+00:00\" \/>\n<meta property=\"og:image\" content=\"https:\/\/observatorio-democracia.pt\/wp-content\/uploads\/2023\/12\/WS_LIM_5dez_Postweb.png\" \/>\n\t<meta property=\"og:image:width\" content=\"1920\" \/>\n\t<meta property=\"og:image:height\" content=\"1080\" \/>\n\t<meta property=\"og:image:type\" content=\"image\/png\" \/>\n<meta name=\"twitter:card\" content=\"summary_large_image\" \/>\n<meta name=\"twitter:site\" content=\"@Observatorioda4\" \/>\n<meta name=\"twitter:label1\" content=\"Est. reading time\" \/>\n\t<meta name=\"twitter:data1\" content=\"1 minute\" \/>\n<script type=\"application\/ld+json\" class=\"yoast-schema-graph\">{\"@context\":\"https:\/\/schema.org\",\"@graph\":[{\"@type\":\"WebPage\",\"@id\":\"https:\/\/observatorio-democracia.pt\/en\/events\/workshop-computational-methods-and-social-movements\/\",\"url\":\"https:\/\/observatorio-democracia.pt\/en\/events\/workshop-computational-methods-and-social-movements\/\",\"name\":\"workshop Computational Methods and Social Movements | Observat\u00f3rio da Democracia e da Representa\u00e7\u00e3o Pol\u00edtica\",\"isPartOf\":{\"@id\":\"https:\/\/observatorio-democracia.pt\/en\/#website\"},\"primaryImageOfPage\":{\"@id\":\"https:\/\/observatorio-democracia.pt\/en\/events\/workshop-computational-methods-and-social-movements\/#primaryimage\"},\"image\":{\"@id\":\"https:\/\/observatorio-democracia.pt\/en\/events\/workshop-computational-methods-and-social-movements\/#primaryimage\"},\"thumbnailUrl\":\"https:\/\/observatorio-democracia.pt\/wp-content\/uploads\/2023\/12\/WS_LIM_5dez_Postweb.png\",\"datePublished\":\"2023-12-04T16:33:09+00:00\",\"dateModified\":\"2023-12-04T16:58:25+00:00\",\"description\":\"workshop \\\"Computational Methods and Social Movements\\\" with the participation of CIES-Iscte researchers Tiago Carvalho and Jo\u00e3o Santos.\",\"breadcrumb\":{\"@id\":\"https:\/\/observatorio-democracia.pt\/en\/events\/workshop-computational-methods-and-social-movements\/#breadcrumb\"},\"inLanguage\":\"en-US\",\"potentialAction\":[{\"@type\":\"ReadAction\",\"target\":[\"https:\/\/observatorio-democracia.pt\/en\/events\/workshop-computational-methods-and-social-movements\/\"]}]},{\"@type\":\"ImageObject\",\"inLanguage\":\"en-US\",\"@id\":\"https:\/\/observatorio-democracia.pt\/en\/events\/workshop-computational-methods-and-social-movements\/#primaryimage\",\"url\":\"https:\/\/observatorio-democracia.pt\/wp-content\/uploads\/2023\/12\/WS_LIM_5dez_Postweb.png\",\"contentUrl\":\"https:\/\/observatorio-democracia.pt\/wp-content\/uploads\/2023\/12\/WS_LIM_5dez_Postweb.png\",\"width\":1920,\"height\":1080},{\"@type\":\"BreadcrumbList\",\"@id\":\"https:\/\/observatorio-democracia.pt\/en\/events\/workshop-computational-methods-and-social-movements\/#breadcrumb\",\"itemListElement\":[{\"@type\":\"ListItem\",\"position\":1,\"name\":\"In\u00edcio\",\"item\":\"https:\/\/observatorio-democracia.pt\/en\/\"},{\"@type\":\"ListItem\",\"position\":2,\"name\":\"Events\",\"item\":\"https:\/\/observatorio-democracia.pt\/en\/events\/\"},{\"@type\":\"ListItem\",\"position\":3,\"name\":\"workshop Computational Methods and Social Movements\"}]},{\"@type\":\"WebSite\",\"@id\":\"https:\/\/observatorio-democracia.pt\/en\/#website\",\"url\":\"https:\/\/observatorio-democracia.pt\/en\/\",\"name\":\"Observat\u00f3rio da Democracia e da Representa\u00e7\u00e3o Pol\u00edtica\",\"description\":\"Um bem para a Cidadania\",\"publisher\":{\"@id\":\"https:\/\/observatorio-democracia.pt\/en\/#organization\"},\"potentialAction\":[{\"@type\":\"SearchAction\",\"target\":{\"@type\":\"EntryPoint\",\"urlTemplate\":\"https:\/\/observatorio-democracia.pt\/en\/?s={search_term_string}\"},\"query-input\":{\"@type\":\"PropertyValueSpecification\",\"valueRequired\":true,\"valueName\":\"search_term_string\"}}],\"inLanguage\":\"en-US\"},{\"@type\":\"Organization\",\"@id\":\"https:\/\/observatorio-democracia.pt\/en\/#organization\",\"name\":\"Observat\u00f3rio da Democracia e da Representa\u00e7\u00e3o Pol\u00edtica\",\"url\":\"https:\/\/observatorio-democracia.pt\/en\/\",\"logo\":{\"@type\":\"ImageObject\",\"inLanguage\":\"en-US\",\"@id\":\"https:\/\/observatorio-democracia.pt\/en\/#\/schema\/logo\/image\/\",\"url\":\"https:\/\/observatorio-democracia.pt\/wp-content\/uploads\/2022\/04\/logo-observatorio-democracia-forms.jpg\",\"contentUrl\":\"https:\/\/observatorio-democracia.pt\/wp-content\/uploads\/2022\/04\/logo-observatorio-democracia-forms.jpg\",\"width\":400,\"height\":98,\"caption\":\"Observat\u00f3rio da Democracia e da Representa\u00e7\u00e3o Pol\u00edtica\"},\"image\":{\"@id\":\"https:\/\/observatorio-democracia.pt\/en\/#\/schema\/logo\/image\/\"},\"sameAs\":[\"https:\/\/www.facebook.com\/observatorio.democracia.representacao.politica\",\"https:\/\/x.com\/Observatorioda4\",\"https:\/\/www.instagram.com\/observatoriodrp\/\"]}]}<\/script>\n<!-- \/ Yoast SEO plugin. -->","yoast_head_json":{"title":"workshop Computational Methods and Social Movements | Observat\u00f3rio da Democracia e da Representa\u00e7\u00e3o Pol\u00edtica","description":"workshop \"Computational Methods and Social Movements\" with the participation of CIES-Iscte researchers Tiago Carvalho and Jo\u00e3o Santos.","robots":{"index":"index","follow":"follow","max-snippet":"max-snippet:-1","max-image-preview":"max-image-preview:large","max-video-preview":"max-video-preview:-1"},"canonical":"https:\/\/observatorio-democracia.pt\/en\/events\/workshop-computational-methods-and-social-movements\/","og_locale":"en_US","og_type":"article","og_title":"workshop Computational Methods and Social Movements | Observat\u00f3rio da Democracia e da Representa\u00e7\u00e3o Pol\u00edtica","og_description":"workshop \"Computational Methods and Social Movements\" with the participation of CIES-Iscte researchers Tiago Carvalho and Jo\u00e3o Santos.","og_url":"https:\/\/observatorio-democracia.pt\/en\/events\/workshop-computational-methods-and-social-movements\/","og_site_name":"Observat\u00f3rio da Democracia e da Representa\u00e7\u00e3o Pol\u00edtica","article_publisher":"https:\/\/www.facebook.com\/observatorio.democracia.representacao.politica","article_modified_time":"2023-12-04T16:58:25+00:00","og_image":[{"width":1920,"height":1080,"url":"https:\/\/observatorio-democracia.pt\/wp-content\/uploads\/2023\/12\/WS_LIM_5dez_Postweb.png","type":"image\/png"}],"twitter_card":"summary_large_image","twitter_site":"@Observatorioda4","twitter_misc":{"Est. reading time":"1 minute"},"schema":{"@context":"https:\/\/schema.org","@graph":[{"@type":"WebPage","@id":"https:\/\/observatorio-democracia.pt\/en\/events\/workshop-computational-methods-and-social-movements\/","url":"https:\/\/observatorio-democracia.pt\/en\/events\/workshop-computational-methods-and-social-movements\/","name":"workshop Computational Methods and Social Movements | Observat\u00f3rio da Democracia e da Representa\u00e7\u00e3o Pol\u00edtica","isPartOf":{"@id":"https:\/\/observatorio-democracia.pt\/en\/#website"},"primaryImageOfPage":{"@id":"https:\/\/observatorio-democracia.pt\/en\/events\/workshop-computational-methods-and-social-movements\/#primaryimage"},"image":{"@id":"https:\/\/observatorio-democracia.pt\/en\/events\/workshop-computational-methods-and-social-movements\/#primaryimage"},"thumbnailUrl":"https:\/\/observatorio-democracia.pt\/wp-content\/uploads\/2023\/12\/WS_LIM_5dez_Postweb.png","datePublished":"2023-12-04T16:33:09+00:00","dateModified":"2023-12-04T16:58:25+00:00","description":"workshop \"Computational Methods and Social Movements\" with the participation of CIES-Iscte researchers Tiago Carvalho and Jo\u00e3o Santos.","breadcrumb":{"@id":"https:\/\/observatorio-democracia.pt\/en\/events\/workshop-computational-methods-and-social-movements\/#breadcrumb"},"inLanguage":"en-US","potentialAction":[{"@type":"ReadAction","target":["https:\/\/observatorio-democracia.pt\/en\/events\/workshop-computational-methods-and-social-movements\/"]}]},{"@type":"ImageObject","inLanguage":"en-US","@id":"https:\/\/observatorio-democracia.pt\/en\/events\/workshop-computational-methods-and-social-movements\/#primaryimage","url":"https:\/\/observatorio-democracia.pt\/wp-content\/uploads\/2023\/12\/WS_LIM_5dez_Postweb.png","contentUrl":"https:\/\/observatorio-democracia.pt\/wp-content\/uploads\/2023\/12\/WS_LIM_5dez_Postweb.png","width":1920,"height":1080},{"@type":"BreadcrumbList","@id":"https:\/\/observatorio-democracia.pt\/en\/events\/workshop-computational-methods-and-social-movements\/#breadcrumb","itemListElement":[{"@type":"ListItem","position":1,"name":"In\u00edcio","item":"https:\/\/observatorio-democracia.pt\/en\/"},{"@type":"ListItem","position":2,"name":"Events","item":"https:\/\/observatorio-democracia.pt\/en\/events\/"},{"@type":"ListItem","position":3,"name":"workshop Computational Methods and Social Movements"}]},{"@type":"WebSite","@id":"https:\/\/observatorio-democracia.pt\/en\/#website","url":"https:\/\/observatorio-democracia.pt\/en\/","name":"Observat\u00f3rio da Democracia e da Representa\u00e7\u00e3o Pol\u00edtica","description":"Um bem para a Cidadania","publisher":{"@id":"https:\/\/observatorio-democracia.pt\/en\/#organization"},"potentialAction":[{"@type":"SearchAction","target":{"@type":"EntryPoint","urlTemplate":"https:\/\/observatorio-democracia.pt\/en\/?s={search_term_string}"},"query-input":{"@type":"PropertyValueSpecification","valueRequired":true,"valueName":"search_term_string"}}],"inLanguage":"en-US"},{"@type":"Organization","@id":"https:\/\/observatorio-democracia.pt\/en\/#organization","name":"Observat\u00f3rio da Democracia e da Representa\u00e7\u00e3o Pol\u00edtica","url":"https:\/\/observatorio-democracia.pt\/en\/","logo":{"@type":"ImageObject","inLanguage":"en-US","@id":"https:\/\/observatorio-democracia.pt\/en\/#\/schema\/logo\/image\/","url":"https:\/\/observatorio-democracia.pt\/wp-content\/uploads\/2022\/04\/logo-observatorio-democracia-forms.jpg","contentUrl":"https:\/\/observatorio-democracia.pt\/wp-content\/uploads\/2022\/04\/logo-observatorio-democracia-forms.jpg","width":400,"height":98,"caption":"Observat\u00f3rio da Democracia e da Representa\u00e7\u00e3o Pol\u00edtica"},"image":{"@id":"https:\/\/observatorio-democracia.pt\/en\/#\/schema\/logo\/image\/"},"sameAs":["https:\/\/www.facebook.com\/observatorio.democracia.representacao.politica","https:\/\/x.com\/Observatorioda4","https:\/\/www.instagram.com\/observatoriodrp\/"]}]}},"_links":{"self":[{"href":"https:\/\/observatorio-democracia.pt\/en\/wp-json\/wp\/v2\/mec-events\/53780","targetHints":{"allow":["GET"]}}],"collection":[{"href":"https:\/\/observatorio-democracia.pt\/en\/wp-json\/wp\/v2\/mec-events"}],"about":[{"href":"https:\/\/observatorio-democracia.pt\/en\/wp-json\/wp\/v2\/types\/mec-events"}],"author":[{"embeddable":true,"href":"https:\/\/observatorio-democracia.pt\/en\/wp-json\/wp\/v2\/users\/2"}],"replies":[{"embeddable":true,"href":"https:\/\/observatorio-democracia.pt\/en\/wp-json\/wp\/v2\/comments?post=53780"}],"wp:featuredmedia":[{"embeddable":true,"href":"https:\/\/observatorio-democracia.pt\/en\/wp-json\/wp\/v2\/media\/53779"}],"wp:attachment":[{"href":"https:\/\/observatorio-democracia.pt\/en\/wp-json\/wp\/v2\/media?parent=53780"}],"wp:term":[{"taxonomy":"post_tag","embeddable":true,"href":"https:\/\/observatorio-democracia.pt\/en\/wp-json\/wp\/v2\/tags?post=53780"},{"taxonomy":"mec_category","embeddable":true,"href":"https:\/\/observatorio-democracia.pt\/en\/wp-json\/wp\/v2\/mec_category?post=53780"}],"curies":[{"name":"wp","href":"https:\/\/api.w.org\/{rel}","templated":true}]}}

<p>On Tuesday 5 December, at 3pm, the Laboratório de Inovação Metodológica (LIM) will hold the workshop &#8220;Computational Methods and Social Movements&#8221; with the participation of CIES-Iscte researchers Tiago Carvalho and João Santos.</p>
<p>Based on the example of environmental and housing movements, the seminar will discuss the use of computational methods and their usefulness for collecting data to study social movements.</p>
<p>LIM seeks to disseminate and develop methodological innovation practices among researchers and research areas at CIES-Iscte, as well as to promote closer interdisciplinary collaboration in this area with other research centres at Iscte-Instituto Universitário de Lisboa, in particular the SocioDigital Lab.</p>
<p>Date and time:</p>
<p>Tuesday 5 December 2023, at 3pm</p>
<p>Venue:</p>
<p>Room AA2.25, Building 3 of Iscte &#8211; Instituto Universitário de Lisboa</p>

<!-- This site is optimized with the Yoast SEO plugin v24.7 - https://yoast.com/wordpress/plugins/seo/ -->
<title>workshop Computational Methods and Social Movements | Observatório da Democracia e da Representação Política</title>
<meta name="description" content="workshop &quot;Computational Methods and Social Movements&quot; with the participation of CIES-Iscte researchers Tiago Carvalho and João Santos." />
<meta name="robots" content="index, follow, max-snippet:-1, max-image-preview:large, max-video-preview:-1" />
<link rel="canonical" href="https://observatorio-democracia.pt/en/events/workshop-computational-methods-and-social-movements/" />
<meta property="og:locale" content="en_US" />
<meta property="og:type" content="article" />
<meta property="og:title" content="workshop Computational Methods and Social Movements | Observatório da Democracia e da Representação Política" />
<meta property="og:description" content="workshop &quot;Computational Methods and Social Movements&quot; with the participation of CIES-Iscte researchers Tiago Carvalho and João Santos." />
<meta property="og:url" content="https://observatorio-democracia.pt/en/events/workshop-computational-methods-and-social-movements/" />
<meta property="og:site_name" content="Observatório da Democracia e da Representação Política" />
<meta property="article:publisher" content="https://www.facebook.com/observatorio.democracia.representacao.politica" />
<meta property="article:modified_time" content="2023-12-04T16:58:25+00:00" />
<meta property="og:image" content="https://observatorio-democracia.pt/wp-content/uploads/2023/12/WS_LIM_5dez_Postweb.png" />
	<meta property="og:image:width" content="1920" />
	<meta property="og:image:height" content="1080" />
	<meta property="og:image:type" content="image/png" />
<meta name="twitter:card" content="summary_large_image" />
<meta name="twitter:site" content="@Observatorioda4" />
<meta name="twitter:label1" content="Est. reading time" />
	<meta name="twitter:data1" content="1 minute" />
<script type="application/ld+json" class="yoast-schema-graph">{"@context":"https://schema.org","@graph":[{"@type":"WebPage","@id":"https://observatorio-democracia.pt/en/events/workshop-computational-methods-and-social-movements/","url":"https://observatorio-democracia.pt/en/events/workshop-computational-methods-and-social-movements/","name":"workshop Computational Methods and Social Movements | Observatório da Democracia e da Representação Política","isPartOf":{"@id":"https://observatorio-democracia.pt/en/#website"},"primaryImageOfPage":{"@id":"https://observatorio-democracia.pt/en/events/workshop-computational-methods-and-social-movements/#primaryimage"},"image":{"@id":"https://observatorio-democracia.pt/en/events/workshop-computational-methods-and-social-movements/#primaryimage"},"thumbnailUrl":"https://observatorio-democracia.pt/wp-content/uploads/2023/12/WS_LIM_5dez_Postweb.png","datePublished":"2023-12-04T16:33:09+00:00","dateModified":"2023-12-04T16:58:25+00:00","description":"workshop \"Computational Methods and Social Movements\" with the participation of CIES-Iscte researchers Tiago Carvalho and João Santos.","breadcrumb":{"@id":"https://observatorio-democracia.pt/en/events/workshop-computational-methods-and-social-movements/#breadcrumb"},"inLanguage":"en-US","potentialAction":[{"@type":"ReadAction","target":["https://observatorio-democracia.pt/en/events/workshop-computational-methods-and-social-movements/"]}]},{"@type":"ImageObject","inLanguage":"en-US","@id":"https://observatorio-democracia.pt/en/events/workshop-computational-methods-and-social-movements/#primaryimage","url":"https://observatorio-democracia.pt/wp-content/uploads/2023/12/WS_LIM_5dez_Postweb.png","contentUrl":"https://observatorio-democracia.pt/wp-content/uploads/2023/12/WS_LIM_5dez_Postweb.png","width":1920,"height":1080},{"@type":"BreadcrumbList","@id":"https://observatorio-democracia.pt/en/events/workshop-computational-methods-and-social-movements/#breadcrumb","itemListElement":[{"@type":"ListItem","position":1,"name":"Início","item":"https://observatorio-democracia.pt/en/"},{"@type":"ListItem","position":2,"name":"Events","item":"https://observatorio-democracia.pt/en/events/"},{"@type":"ListItem","position":3,"name":"workshop Computational Methods and Social Movements"}]},{"@type":"WebSite","@id":"https://observatorio-democracia.pt/en/#website","url":"https://observatorio-democracia.pt/en/","name":"Observatório da Democracia e da Representação Política","description":"Um bem para a Cidadania","publisher":{"@id":"https://observatorio-democracia.pt/en/#organization"},"potentialAction":[{"@type":"SearchAction","target":{"@type":"EntryPoint","urlTemplate":"https://observatorio-democracia.pt/en/?s={search_term_string}"},"query-input":{"@type":"PropertyValueSpecification","valueRequired":true,"valueName":"search_term_string"}}],"inLanguage":"en-US"},{"@type":"Organization","@id":"https://observatorio-democracia.pt/en/#organization","name":"Observatório da Democracia e da Representação Política","url":"https://observatorio-democracia.pt/en/","logo":{"@type":"ImageObject","inLanguage":"en-US","@id":"https://observatorio-democracia.pt/en/#/schema/logo/image/","url":"https://observatorio-democracia.pt/wp-content/uploads/2022/04/logo-observatorio-democracia-forms.jpg","contentUrl":"https://observatorio-democracia.pt/wp-content/uploads/2022/04/logo-observatorio-democracia-forms.jpg","width":400,"height":98,"caption":"Observatório da Democracia e da Representação Política"},"image":{"@id":"https://observatorio-democracia.pt/en/#/schema/logo/image/"},"sameAs":["https://www.facebook.com/observatorio.democracia.representacao.politica","https://x.com/Observatorioda4","https://www.instagram.com/observatoriodrp/"]}]}</script>
<!-- / Yoast SEO plugin. -->

workshop Computational Methods and Social Movements | Observatório da Democracia e da Representação Política

workshop "Computational Methods and Social Movements" with the participation of CIES-Iscte researchers Tiago Carvalho and João Santos.

Observatório da Democracia e da Representação Política

Início
