{"id":53413,"date":"2023-11-02T16:35:34","date_gmt":"2023-11-02T16:35:34","guid":{"rendered":"https:\/\/observatorio-democracia.pt\/?post_type=mec-events&#038;p=53413"},"modified":"2023-11-02T16:47:34","modified_gmt":"2023-11-02T16:47:34","slug":"political-cleavages-in-brazil","status":"publish","type":"mec-events","link":"https:\/\/observatorio-democracia.pt\/en\/events\/political-cleavages-in-brazil\/","title":{"rendered":"Political cleavages in Brazil"},"content":{"rendered":"<p>Is it possible to talk about cleavages in a country whose electoral system allows for the existence of thirty political parties, with a long history of non-democratic regimes (Old Republic, Vargas Era and Military Dictatorship) and low party identification in public opinion? This is the starting question which Professor Julian Borba (UFSC &#8211; Brazil) will discuss in the doctoral debate cycle session of the PhD in Political Science at Iscte &#8211; Instituto Universit\u00e1rio de Lisboa, on Monday 11 December 2023, at 6pm.<\/p>\n<p>By questioning whether cleavages exist in Brazil, Julian Borba seeks to answer what their bases are and whether they connect voters and parties, based on the hypothesis that there are stable divisions in the electorate, especially around the liberal-fundamentalist dimension and that they are associated with both the demographic characteristics of voters and their party preferences.<\/p>\n<p>Julian Borba is a Full Professor in the Department of Sociology and Political Science and the Postgraduate Programme in Sociology and Political Science at the Federal University of Santa Catarina and coordinates the research project &#8220;Political divides in Brazil&#8221; (CNPq, IPEVESC Institute). He will be a visiting researcher at ISCTE between November 2023 and January 2024.<\/p>\n<p>&nbsp;<\/p>\n<p><strong>Date and time:<\/strong><\/p>\n<p>Monday 11 December 2023, at 6pm<\/p>\n<p><strong>Venue: <\/strong><\/p>\n<p>Iscte &#8211; University Institute of Lisbon<\/p>\n","protected":false},"excerpt":{"rendered":"<p>By questioning whether cleavages exist in Brazil, Julian Borba seeks to answer what their bases are and whether they connect voters and parties<\/p>\n","protected":false},"author":2,"featured_media":53412,"comment_status":"closed","ping_status":"closed","template":"","tags":[],"mec_category":[],"class_list":["post-53413","mec-events","type-mec-events","status-publish","has-post-thumbnail","hentry","description-off"],"yoast_head":"<!-- This site is optimized with the Yoast SEO plugin v24.7 - https:\/\/yoast.com\/wordpress\/plugins\/seo\/ -->\n<title>Political cleavages in Brazil | Observat\u00f3rio da Democracia e da Representa\u00e7\u00e3o Pol\u00edtica<\/title>\n<meta name=\"description\" content=\"By questioning whether cleavages exist in Brazil, Julian Borba seeks to answer what their bases are and whether they connect voters and parties\" \/>\n<meta name=\"robots\" content=\"index, follow, max-snippet:-1, max-image-preview:large, max-video-preview:-1\" \/>\n<link rel=\"canonical\" href=\"https:\/\/observatorio-democracia.pt\/en\/events\/political-cleavages-in-brazil\/\" \/>\n<meta property=\"og:locale\" content=\"en_US\" \/>\n<meta property=\"og:type\" content=\"article\" \/>\n<meta property=\"og:title\" content=\"Political cleavages in Brazil | Observat\u00f3rio da Democracia e da Representa\u00e7\u00e3o Pol\u00edtica\" \/>\n<meta property=\"og:description\" content=\"By questioning whether cleavages exist in Brazil, Julian Borba seeks to answer what their bases are and whether they connect voters and parties\" \/>\n<meta property=\"og:url\" content=\"https:\/\/observatorio-democracia.pt\/en\/events\/political-cleavages-in-brazil\/\" \/>\n<meta property=\"og:site_name\" content=\"Observat\u00f3rio da Democracia e da Representa\u00e7\u00e3o Pol\u00edtica\" \/>\n<meta property=\"article:publisher\" content=\"https:\/\/www.facebook.com\/observatorio.democracia.representacao.politica\" \/>\n<meta property=\"article:modified_time\" content=\"2023-11-02T16:47:34+00:00\" \/>\n<meta property=\"og:image\" content=\"https:\/\/observatorio-democracia.pt\/wp-content\/uploads\/2023\/11\/image_processing20221030-25360-h7702q.jpeg\" \/>\n\t<meta property=\"og:image:width\" content=\"800\" \/>\n\t<meta property=\"og:image:height\" content=\"600\" \/>\n\t<meta property=\"og:image:type\" content=\"image\/jpeg\" \/>\n<meta name=\"twitter:card\" content=\"summary_large_image\" \/>\n<meta name=\"twitter:site\" content=\"@Observatorioda4\" \/>\n<meta name=\"twitter:label1\" content=\"Est. reading time\" \/>\n\t<meta name=\"twitter:data1\" content=\"2 minutes\" \/>\n<script type=\"application\/ld+json\" class=\"yoast-schema-graph\">{\"@context\":\"https:\/\/schema.org\",\"@graph\":[{\"@type\":\"WebPage\",\"@id\":\"https:\/\/observatorio-democracia.pt\/en\/events\/political-cleavages-in-brazil\/\",\"url\":\"https:\/\/observatorio-democracia.pt\/en\/events\/political-cleavages-in-brazil\/\",\"name\":\"Political cleavages in Brazil | Observat\u00f3rio da Democracia e da Representa\u00e7\u00e3o Pol\u00edtica\",\"isPartOf\":{\"@id\":\"https:\/\/observatorio-democracia.pt\/en\/#website\"},\"primaryImageOfPage\":{\"@id\":\"https:\/\/observatorio-democracia.pt\/en\/events\/political-cleavages-in-brazil\/#primaryimage\"},\"image\":{\"@id\":\"https:\/\/observatorio-democracia.pt\/en\/events\/political-cleavages-in-brazil\/#primaryimage\"},\"thumbnailUrl\":\"https:\/\/observatorio-democracia.pt\/wp-content\/uploads\/2023\/11\/image_processing20221030-25360-h7702q.jpeg\",\"datePublished\":\"2023-11-02T16:35:34+00:00\",\"dateModified\":\"2023-11-02T16:47:34+00:00\",\"description\":\"By questioning whether cleavages exist in Brazil, Julian Borba seeks to answer what their bases are and whether they connect voters and parties\",\"breadcrumb\":{\"@id\":\"https:\/\/observatorio-democracia.pt\/en\/events\/political-cleavages-in-brazil\/#breadcrumb\"},\"inLanguage\":\"en-US\",\"potentialAction\":[{\"@type\":\"ReadAction\",\"target\":[\"https:\/\/observatorio-democracia.pt\/en\/events\/political-cleavages-in-brazil\/\"]}]},{\"@type\":\"ImageObject\",\"inLanguage\":\"en-US\",\"@id\":\"https:\/\/observatorio-democracia.pt\/en\/events\/political-cleavages-in-brazil\/#primaryimage\",\"url\":\"https:\/\/observatorio-democracia.pt\/wp-content\/uploads\/2023\/11\/image_processing20221030-25360-h7702q.jpeg\",\"contentUrl\":\"https:\/\/observatorio-democracia.pt\/wp-content\/uploads\/2023\/11\/image_processing20221030-25360-h7702q.jpeg\",\"width\":800,\"height\":600},{\"@type\":\"BreadcrumbList\",\"@id\":\"https:\/\/observatorio-democracia.pt\/en\/events\/political-cleavages-in-brazil\/#breadcrumb\",\"itemListElement\":[{\"@type\":\"ListItem\",\"position\":1,\"name\":\"In\u00edcio\",\"item\":\"https:\/\/observatorio-democracia.pt\/en\/\"},{\"@type\":\"ListItem\",\"position\":2,\"name\":\"Events\",\"item\":\"https:\/\/observatorio-democracia.pt\/en\/events\/\"},{\"@type\":\"ListItem\",\"position\":3,\"name\":\"Political cleavages in Brazil\"}]},{\"@type\":\"WebSite\",\"@id\":\"https:\/\/observatorio-democracia.pt\/en\/#website\",\"url\":\"https:\/\/observatorio-democracia.pt\/en\/\",\"name\":\"Observat\u00f3rio da Democracia e da Representa\u00e7\u00e3o Pol\u00edtica\",\"description\":\"Um bem para a Cidadania\",\"publisher\":{\"@id\":\"https:\/\/observatorio-democracia.pt\/en\/#organization\"},\"potentialAction\":[{\"@type\":\"SearchAction\",\"target\":{\"@type\":\"EntryPoint\",\"urlTemplate\":\"https:\/\/observatorio-democracia.pt\/en\/?s={search_term_string}\"},\"query-input\":{\"@type\":\"PropertyValueSpecification\",\"valueRequired\":true,\"valueName\":\"search_term_string\"}}],\"inLanguage\":\"en-US\"},{\"@type\":\"Organization\",\"@id\":\"https:\/\/observatorio-democracia.pt\/en\/#organization\",\"name\":\"Observat\u00f3rio da Democracia e da Representa\u00e7\u00e3o Pol\u00edtica\",\"url\":\"https:\/\/observatorio-democracia.pt\/en\/\",\"logo\":{\"@type\":\"ImageObject\",\"inLanguage\":\"en-US\",\"@id\":\"https:\/\/observatorio-democracia.pt\/en\/#\/schema\/logo\/image\/\",\"url\":\"https:\/\/observatorio-democracia.pt\/wp-content\/uploads\/2022\/04\/logo-observatorio-democracia-forms.jpg\",\"contentUrl\":\"https:\/\/observatorio-democracia.pt\/wp-content\/uploads\/2022\/04\/logo-observatorio-democracia-forms.jpg\",\"width\":400,\"height\":98,\"caption\":\"Observat\u00f3rio da Democracia e da Representa\u00e7\u00e3o Pol\u00edtica\"},\"image\":{\"@id\":\"https:\/\/observatorio-democracia.pt\/en\/#\/schema\/logo\/image\/\"},\"sameAs\":[\"https:\/\/www.facebook.com\/observatorio.democracia.representacao.politica\",\"https:\/\/x.com\/Observatorioda4\",\"https:\/\/www.instagram.com\/observatoriodrp\/\"]}]}<\/script>\n<!-- \/ Yoast SEO plugin. -->","yoast_head_json":{"title":"Political cleavages in Brazil | Observat\u00f3rio da Democracia e da Representa\u00e7\u00e3o Pol\u00edtica","description":"By questioning whether cleavages exist in Brazil, Julian Borba seeks to answer what their bases are and whether they connect voters and parties","robots":{"index":"index","follow":"follow","max-snippet":"max-snippet:-1","max-image-preview":"max-image-preview:large","max-video-preview":"max-video-preview:-1"},"canonical":"https:\/\/observatorio-democracia.pt\/en\/events\/political-cleavages-in-brazil\/","og_locale":"en_US","og_type":"article","og_title":"Political cleavages in Brazil | Observat\u00f3rio da Democracia e da Representa\u00e7\u00e3o Pol\u00edtica","og_description":"By questioning whether cleavages exist in Brazil, Julian Borba seeks to answer what their bases are and whether they connect voters and parties","og_url":"https:\/\/observatorio-democracia.pt\/en\/events\/political-cleavages-in-brazil\/","og_site_name":"Observat\u00f3rio da Democracia e da Representa\u00e7\u00e3o Pol\u00edtica","article_publisher":"https:\/\/www.facebook.com\/observatorio.democracia.representacao.politica","article_modified_time":"2023-11-02T16:47:34+00:00","og_image":[{"width":800,"height":600,"url":"https:\/\/observatorio-democracia.pt\/wp-content\/uploads\/2023\/11\/image_processing20221030-25360-h7702q.jpeg","type":"image\/jpeg"}],"twitter_card":"summary_large_image","twitter_site":"@Observatorioda4","twitter_misc":{"Est. reading time":"2 minutes"},"schema":{"@context":"https:\/\/schema.org","@graph":[{"@type":"WebPage","@id":"https:\/\/observatorio-democracia.pt\/en\/events\/political-cleavages-in-brazil\/","url":"https:\/\/observatorio-democracia.pt\/en\/events\/political-cleavages-in-brazil\/","name":"Political cleavages in Brazil | Observat\u00f3rio da Democracia e da Representa\u00e7\u00e3o Pol\u00edtica","isPartOf":{"@id":"https:\/\/observatorio-democracia.pt\/en\/#website"},"primaryImageOfPage":{"@id":"https:\/\/observatorio-democracia.pt\/en\/events\/political-cleavages-in-brazil\/#primaryimage"},"image":{"@id":"https:\/\/observatorio-democracia.pt\/en\/events\/political-cleavages-in-brazil\/#primaryimage"},"thumbnailUrl":"https:\/\/observatorio-democracia.pt\/wp-content\/uploads\/2023\/11\/image_processing20221030-25360-h7702q.jpeg","datePublished":"2023-11-02T16:35:34+00:00","dateModified":"2023-11-02T16:47:34+00:00","description":"By questioning whether cleavages exist in Brazil, Julian Borba seeks to answer what their bases are and whether they connect voters and parties","breadcrumb":{"@id":"https:\/\/observatorio-democracia.pt\/en\/events\/political-cleavages-in-brazil\/#breadcrumb"},"inLanguage":"en-US","potentialAction":[{"@type":"ReadAction","target":["https:\/\/observatorio-democracia.pt\/en\/events\/political-cleavages-in-brazil\/"]}]},{"@type":"ImageObject","inLanguage":"en-US","@id":"https:\/\/observatorio-democracia.pt\/en\/events\/political-cleavages-in-brazil\/#primaryimage","url":"https:\/\/observatorio-democracia.pt\/wp-content\/uploads\/2023\/11\/image_processing20221030-25360-h7702q.jpeg","contentUrl":"https:\/\/observatorio-democracia.pt\/wp-content\/uploads\/2023\/11\/image_processing20221030-25360-h7702q.jpeg","width":800,"height":600},{"@type":"BreadcrumbList","@id":"https:\/\/observatorio-democracia.pt\/en\/events\/political-cleavages-in-brazil\/#breadcrumb","itemListElement":[{"@type":"ListItem","position":1,"name":"In\u00edcio","item":"https:\/\/observatorio-democracia.pt\/en\/"},{"@type":"ListItem","position":2,"name":"Events","item":"https:\/\/observatorio-democracia.pt\/en\/events\/"},{"@type":"ListItem","position":3,"name":"Political cleavages in Brazil"}]},{"@type":"WebSite","@id":"https:\/\/observatorio-democracia.pt\/en\/#website","url":"https:\/\/observatorio-democracia.pt\/en\/","name":"Observat\u00f3rio da Democracia e da Representa\u00e7\u00e3o Pol\u00edtica","description":"Um bem para a Cidadania","publisher":{"@id":"https:\/\/observatorio-democracia.pt\/en\/#organization"},"potentialAction":[{"@type":"SearchAction","target":{"@type":"EntryPoint","urlTemplate":"https:\/\/observatorio-democracia.pt\/en\/?s={search_term_string}"},"query-input":{"@type":"PropertyValueSpecification","valueRequired":true,"valueName":"search_term_string"}}],"inLanguage":"en-US"},{"@type":"Organization","@id":"https:\/\/observatorio-democracia.pt\/en\/#organization","name":"Observat\u00f3rio da Democracia e da Representa\u00e7\u00e3o Pol\u00edtica","url":"https:\/\/observatorio-democracia.pt\/en\/","logo":{"@type":"ImageObject","inLanguage":"en-US","@id":"https:\/\/observatorio-democracia.pt\/en\/#\/schema\/logo\/image\/","url":"https:\/\/observatorio-democracia.pt\/wp-content\/uploads\/2022\/04\/logo-observatorio-democracia-forms.jpg","contentUrl":"https:\/\/observatorio-democracia.pt\/wp-content\/uploads\/2022\/04\/logo-observatorio-democracia-forms.jpg","width":400,"height":98,"caption":"Observat\u00f3rio da Democracia e da Representa\u00e7\u00e3o Pol\u00edtica"},"image":{"@id":"https:\/\/observatorio-democracia.pt\/en\/#\/schema\/logo\/image\/"},"sameAs":["https:\/\/www.facebook.com\/observatorio.democracia.representacao.politica","https:\/\/x.com\/Observatorioda4","https:\/\/www.instagram.com\/observatoriodrp\/"]}]}},"_links":{"self":[{"href":"https:\/\/observatorio-democracia.pt\/en\/wp-json\/wp\/v2\/mec-events\/53413","targetHints":{"allow":["GET"]}}],"collection":[{"href":"https:\/\/observatorio-democracia.pt\/en\/wp-json\/wp\/v2\/mec-events"}],"about":[{"href":"https:\/\/observatorio-democracia.pt\/en\/wp-json\/wp\/v2\/types\/mec-events"}],"author":[{"embeddable":true,"href":"https:\/\/observatorio-democracia.pt\/en\/wp-json\/wp\/v2\/users\/2"}],"replies":[{"embeddable":true,"href":"https:\/\/observatorio-democracia.pt\/en\/wp-json\/wp\/v2\/comments?post=53413"}],"wp:featuredmedia":[{"embeddable":true,"href":"https:\/\/observatorio-democracia.pt\/en\/wp-json\/wp\/v2\/media\/53412"}],"wp:attachment":[{"href":"https:\/\/observatorio-democracia.pt\/en\/wp-json\/wp\/v2\/media?parent=53413"}],"wp:term":[{"taxonomy":"post_tag","embeddable":true,"href":"https:\/\/observatorio-democracia.pt\/en\/wp-json\/wp\/v2\/tags?post=53413"},{"taxonomy":"mec_category","embeddable":true,"href":"https:\/\/observatorio-democracia.pt\/en\/wp-json\/wp\/v2\/mec_category?post=53413"}],"curies":[{"name":"wp","href":"https:\/\/api.w.org\/{rel}","templated":true}]}}

<p>Is it possible to talk about cleavages in a country whose electoral system allows for the existence of thirty political parties, with a long history of non-democratic regimes (Old Republic, Vargas Era and Military Dictatorship) and low party identification in public opinion? This is the starting question which Professor Julian Borba (UFSC &#8211; Brazil) will discuss in the doctoral debate cycle session of the PhD in Political Science at Iscte &#8211; Instituto Universitário de Lisboa, on Monday 11 December 2023, at 6pm.</p>
<p>By questioning whether cleavages exist in Brazil, Julian Borba seeks to answer what their bases are and whether they connect voters and parties, based on the hypothesis that there are stable divisions in the electorate, especially around the liberal-fundamentalist dimension and that they are associated with both the demographic characteristics of voters and their party preferences.</p>
<p>Julian Borba is a Full Professor in the Department of Sociology and Political Science and the Postgraduate Programme in Sociology and Political Science at the Federal University of Santa Catarina and coordinates the research project &#8220;Political divides in Brazil&#8221; (CNPq, IPEVESC Institute). He will be a visiting researcher at ISCTE between November 2023 and January 2024.</p>
<p>&nbsp;</p>
<p><strong>Date and time:</strong></p>
<p>Monday 11 December 2023, at 6pm</p>
<p><strong>Venue: </strong></p>
<p>Iscte &#8211; University Institute of Lisbon</p>

<!-- This site is optimized with the Yoast SEO plugin v24.7 - https://yoast.com/wordpress/plugins/seo/ -->
<title>Political cleavages in Brazil | Observatório da Democracia e da Representação Política</title>
<meta name="description" content="By questioning whether cleavages exist in Brazil, Julian Borba seeks to answer what their bases are and whether they connect voters and parties" />
<meta name="robots" content="index, follow, max-snippet:-1, max-image-preview:large, max-video-preview:-1" />
<link rel="canonical" href="https://observatorio-democracia.pt/en/events/political-cleavages-in-brazil/" />
<meta property="og:locale" content="en_US" />
<meta property="og:type" content="article" />
<meta property="og:title" content="Political cleavages in Brazil | Observatório da Democracia e da Representação Política" />
<meta property="og:description" content="By questioning whether cleavages exist in Brazil, Julian Borba seeks to answer what their bases are and whether they connect voters and parties" />
<meta property="og:url" content="https://observatorio-democracia.pt/en/events/political-cleavages-in-brazil/" />
<meta property="og:site_name" content="Observatório da Democracia e da Representação Política" />
<meta property="article:publisher" content="https://www.facebook.com/observatorio.democracia.representacao.politica" />
<meta property="article:modified_time" content="2023-11-02T16:47:34+00:00" />
<meta property="og:image" content="https://observatorio-democracia.pt/wp-content/uploads/2023/11/image_processing20221030-25360-h7702q.jpeg" />
	<meta property="og:image:width" content="800" />
	<meta property="og:image:height" content="600" />
	<meta property="og:image:type" content="image/jpeg" />
<meta name="twitter:card" content="summary_large_image" />
<meta name="twitter:site" content="@Observatorioda4" />
<meta name="twitter:label1" content="Est. reading time" />
	<meta name="twitter:data1" content="2 minutes" />
<script type="application/ld+json" class="yoast-schema-graph">{"@context":"https://schema.org","@graph":[{"@type":"WebPage","@id":"https://observatorio-democracia.pt/en/events/political-cleavages-in-brazil/","url":"https://observatorio-democracia.pt/en/events/political-cleavages-in-brazil/","name":"Political cleavages in Brazil | Observatório da Democracia e da Representação Política","isPartOf":{"@id":"https://observatorio-democracia.pt/en/#website"},"primaryImageOfPage":{"@id":"https://observatorio-democracia.pt/en/events/political-cleavages-in-brazil/#primaryimage"},"image":{"@id":"https://observatorio-democracia.pt/en/events/political-cleavages-in-brazil/#primaryimage"},"thumbnailUrl":"https://observatorio-democracia.pt/wp-content/uploads/2023/11/image_processing20221030-25360-h7702q.jpeg","datePublished":"2023-11-02T16:35:34+00:00","dateModified":"2023-11-02T16:47:34+00:00","description":"By questioning whether cleavages exist in Brazil, Julian Borba seeks to answer what their bases are and whether they connect voters and parties","breadcrumb":{"@id":"https://observatorio-democracia.pt/en/events/political-cleavages-in-brazil/#breadcrumb"},"inLanguage":"en-US","potentialAction":[{"@type":"ReadAction","target":["https://observatorio-democracia.pt/en/events/political-cleavages-in-brazil/"]}]},{"@type":"ImageObject","inLanguage":"en-US","@id":"https://observatorio-democracia.pt/en/events/political-cleavages-in-brazil/#primaryimage","url":"https://observatorio-democracia.pt/wp-content/uploads/2023/11/image_processing20221030-25360-h7702q.jpeg","contentUrl":"https://observatorio-democracia.pt/wp-content/uploads/2023/11/image_processing20221030-25360-h7702q.jpeg","width":800,"height":600},{"@type":"BreadcrumbList","@id":"https://observatorio-democracia.pt/en/events/political-cleavages-in-brazil/#breadcrumb","itemListElement":[{"@type":"ListItem","position":1,"name":"Início","item":"https://observatorio-democracia.pt/en/"},{"@type":"ListItem","position":2,"name":"Events","item":"https://observatorio-democracia.pt/en/events/"},{"@type":"ListItem","position":3,"name":"Political cleavages in Brazil"}]},{"@type":"WebSite","@id":"https://observatorio-democracia.pt/en/#website","url":"https://observatorio-democracia.pt/en/","name":"Observatório da Democracia e da Representação Política","description":"Um bem para a Cidadania","publisher":{"@id":"https://observatorio-democracia.pt/en/#organization"},"potentialAction":[{"@type":"SearchAction","target":{"@type":"EntryPoint","urlTemplate":"https://observatorio-democracia.pt/en/?s={search_term_string}"},"query-input":{"@type":"PropertyValueSpecification","valueRequired":true,"valueName":"search_term_string"}}],"inLanguage":"en-US"},{"@type":"Organization","@id":"https://observatorio-democracia.pt/en/#organization","name":"Observatório da Democracia e da Representação Política","url":"https://observatorio-democracia.pt/en/","logo":{"@type":"ImageObject","inLanguage":"en-US","@id":"https://observatorio-democracia.pt/en/#/schema/logo/image/","url":"https://observatorio-democracia.pt/wp-content/uploads/2022/04/logo-observatorio-democracia-forms.jpg","contentUrl":"https://observatorio-democracia.pt/wp-content/uploads/2022/04/logo-observatorio-democracia-forms.jpg","width":400,"height":98,"caption":"Observatório da Democracia e da Representação Política"},"image":{"@id":"https://observatorio-democracia.pt/en/#/schema/logo/image/"},"sameAs":["https://www.facebook.com/observatorio.democracia.representacao.politica","https://x.com/Observatorioda4","https://www.instagram.com/observatoriodrp/"]}]}</script>
<!-- / Yoast SEO plugin. -->

Political cleavages in Brazil | Observatório da Democracia e da Representação Política

Observatório da Democracia e da Representação Política

Início
