{"id":53006,"date":"2022-10-18T18:21:48","date_gmt":"2022-10-18T18:21:48","guid":{"rendered":"https:\/\/observatorio-democracia.pt\/?post_type=mec-events&#038;p=53006"},"modified":"2022-10-18T18:25:43","modified_gmt":"2022-10-18T18:25:43","slug":"activists-doing-things-with-their-words","status":"publish","type":"mec-events","link":"https:\/\/observatorio-democracia.pt\/en\/events\/activists-doing-things-with-their-words\/","title":{"rendered":"Activists doing things with their words"},"content":{"rendered":"<p><img fetchpriority=\"high\" decoding=\"async\" class=\"alignnone size-medium wp-image-53003\" src=\"https:\/\/observatorio-democracia.pt\/wp-content\/uploads\/2022\/10\/Activists-doing-things-with-their-words-300x169.png\" alt=\"\" width=\"300\" height=\"169\" srcset=\"https:\/\/observatorio-democracia.pt\/wp-content\/uploads\/2022\/10\/Activists-doing-things-with-their-words-300x169.png 300w, https:\/\/observatorio-democracia.pt\/wp-content\/uploads\/2022\/10\/Activists-doing-things-with-their-words.png 684w\" sizes=\"(max-width: 300px) 100vw, 300px\" \/><\/p>\n<p>The Social Movements and Political Action Seminar will hold on Wednesday, November 30, 2022, at 5 pm, the session \u201cActivists doing things with their words\u201d, establishing an analysis of political activism from the theory of argumentation point of view, in a dialogue between the philosophy of language and political theory.<\/p>\n<p>This session will be presented by \u00c1lvaro Dom\u00edguez Armas, PhD student at ArgLab and member of the COST Action European Network for Public Policy Argumentation and Analysis.<\/p>\n<p>Organized by Guya Accornero and Tiago Carvalho, the Social Movements and Political Action Seminar takes place on a monthly basis and promotes multidisciplinary reflection on topics related to social movements and different forms of political action, dialoguing with different perspectives, methodologies and approaches.<\/p>\n<p><strong>Information: <\/strong>Social Movements and Political Action Seminar \u201cActivists doing things with their words\u201d, Wednesday, November 30, 2022, at 5 pm, Auditorium 4, building 1, hybrid format.<\/p>\n<p>Zoom Link:<\/p>\n","protected":false},"excerpt":{"rendered":"<p>The Social Movements and Political Action Seminar will hold  the session \u201cActivists doing things with their words\u201d<\/p>\n","protected":false},"author":2,"featured_media":53003,"comment_status":"closed","ping_status":"closed","template":"","tags":[],"mec_category":[],"class_list":["post-53006","mec-events","type-mec-events","status-publish","has-post-thumbnail","hentry","description-off"],"yoast_head":"<!-- This site is optimized with the Yoast SEO plugin v24.7 - https:\/\/yoast.com\/wordpress\/plugins\/seo\/ -->\n<title>Activists doing things with their words | Observat\u00f3rio da Democracia e da Representa\u00e7\u00e3o Pol\u00edtica<\/title>\n<meta name=\"description\" content=\"The Social Movements and Political Action Seminar will hold the session \u201cActivists doing things with their words\u201d\" \/>\n<meta name=\"robots\" content=\"index, follow, max-snippet:-1, max-image-preview:large, max-video-preview:-1\" \/>\n<link rel=\"canonical\" href=\"https:\/\/observatorio-democracia.pt\/en\/events\/activists-doing-things-with-their-words\/\" \/>\n<meta property=\"og:locale\" content=\"en_US\" \/>\n<meta property=\"og:type\" content=\"article\" \/>\n<meta property=\"og:title\" content=\"Activists doing things with their words | Observat\u00f3rio da Democracia e da Representa\u00e7\u00e3o Pol\u00edtica\" \/>\n<meta property=\"og:description\" content=\"The Social Movements and Political Action Seminar will hold the session \u201cActivists doing things with their words\u201d\" \/>\n<meta property=\"og:url\" content=\"https:\/\/observatorio-democracia.pt\/en\/events\/activists-doing-things-with-their-words\/\" \/>\n<meta property=\"og:site_name\" content=\"Observat\u00f3rio da Democracia e da Representa\u00e7\u00e3o Pol\u00edtica\" \/>\n<meta property=\"article:publisher\" content=\"https:\/\/www.facebook.com\/observatorio.democracia.representacao.politica\" \/>\n<meta property=\"article:modified_time\" content=\"2022-10-18T18:25:43+00:00\" \/>\n<meta property=\"og:image\" content=\"https:\/\/observatorio-democracia.pt\/wp-content\/uploads\/2022\/10\/Activists-doing-things-with-their-words.png\" \/>\n\t<meta property=\"og:image:width\" content=\"684\" \/>\n\t<meta property=\"og:image:height\" content=\"385\" \/>\n\t<meta property=\"og:image:type\" content=\"image\/png\" \/>\n<meta name=\"twitter:card\" content=\"summary_large_image\" \/>\n<meta name=\"twitter:site\" content=\"@Observatorioda4\" \/>\n<meta name=\"twitter:label1\" content=\"Est. reading time\" \/>\n\t<meta name=\"twitter:data1\" content=\"1 minute\" \/>\n<script type=\"application\/ld+json\" class=\"yoast-schema-graph\">{\"@context\":\"https:\/\/schema.org\",\"@graph\":[{\"@type\":\"WebPage\",\"@id\":\"https:\/\/observatorio-democracia.pt\/en\/events\/activists-doing-things-with-their-words\/\",\"url\":\"https:\/\/observatorio-democracia.pt\/en\/events\/activists-doing-things-with-their-words\/\",\"name\":\"Activists doing things with their words | Observat\u00f3rio da Democracia e da Representa\u00e7\u00e3o Pol\u00edtica\",\"isPartOf\":{\"@id\":\"https:\/\/observatorio-democracia.pt\/en\/#website\"},\"primaryImageOfPage\":{\"@id\":\"https:\/\/observatorio-democracia.pt\/en\/events\/activists-doing-things-with-their-words\/#primaryimage\"},\"image\":{\"@id\":\"https:\/\/observatorio-democracia.pt\/en\/events\/activists-doing-things-with-their-words\/#primaryimage\"},\"thumbnailUrl\":\"https:\/\/observatorio-democracia.pt\/wp-content\/uploads\/2022\/10\/Activists-doing-things-with-their-words.png\",\"datePublished\":\"2022-10-18T18:21:48+00:00\",\"dateModified\":\"2022-10-18T18:25:43+00:00\",\"description\":\"The Social Movements and Political Action Seminar will hold the session \u201cActivists doing things with their words\u201d\",\"breadcrumb\":{\"@id\":\"https:\/\/observatorio-democracia.pt\/en\/events\/activists-doing-things-with-their-words\/#breadcrumb\"},\"inLanguage\":\"en-US\",\"potentialAction\":[{\"@type\":\"ReadAction\",\"target\":[\"https:\/\/observatorio-democracia.pt\/en\/events\/activists-doing-things-with-their-words\/\"]}]},{\"@type\":\"ImageObject\",\"inLanguage\":\"en-US\",\"@id\":\"https:\/\/observatorio-democracia.pt\/en\/events\/activists-doing-things-with-their-words\/#primaryimage\",\"url\":\"https:\/\/observatorio-democracia.pt\/wp-content\/uploads\/2022\/10\/Activists-doing-things-with-their-words.png\",\"contentUrl\":\"https:\/\/observatorio-democracia.pt\/wp-content\/uploads\/2022\/10\/Activists-doing-things-with-their-words.png\",\"width\":684,\"height\":385},{\"@type\":\"BreadcrumbList\",\"@id\":\"https:\/\/observatorio-democracia.pt\/en\/events\/activists-doing-things-with-their-words\/#breadcrumb\",\"itemListElement\":[{\"@type\":\"ListItem\",\"position\":1,\"name\":\"In\u00edcio\",\"item\":\"https:\/\/observatorio-democracia.pt\/en\/\"},{\"@type\":\"ListItem\",\"position\":2,\"name\":\"Events\",\"item\":\"https:\/\/observatorio-democracia.pt\/en\/events\/\"},{\"@type\":\"ListItem\",\"position\":3,\"name\":\"Activists doing things with their words\"}]},{\"@type\":\"WebSite\",\"@id\":\"https:\/\/observatorio-democracia.pt\/en\/#website\",\"url\":\"https:\/\/observatorio-democracia.pt\/en\/\",\"name\":\"Observat\u00f3rio da Democracia e da Representa\u00e7\u00e3o Pol\u00edtica\",\"description\":\"Um bem para a Cidadania\",\"publisher\":{\"@id\":\"https:\/\/observatorio-democracia.pt\/en\/#organization\"},\"potentialAction\":[{\"@type\":\"SearchAction\",\"target\":{\"@type\":\"EntryPoint\",\"urlTemplate\":\"https:\/\/observatorio-democracia.pt\/en\/?s={search_term_string}\"},\"query-input\":{\"@type\":\"PropertyValueSpecification\",\"valueRequired\":true,\"valueName\":\"search_term_string\"}}],\"inLanguage\":\"en-US\"},{\"@type\":\"Organization\",\"@id\":\"https:\/\/observatorio-democracia.pt\/en\/#organization\",\"name\":\"Observat\u00f3rio da Democracia e da Representa\u00e7\u00e3o Pol\u00edtica\",\"url\":\"https:\/\/observatorio-democracia.pt\/en\/\",\"logo\":{\"@type\":\"ImageObject\",\"inLanguage\":\"en-US\",\"@id\":\"https:\/\/observatorio-democracia.pt\/en\/#\/schema\/logo\/image\/\",\"url\":\"https:\/\/observatorio-democracia.pt\/wp-content\/uploads\/2022\/04\/logo-observatorio-democracia-forms.jpg\",\"contentUrl\":\"https:\/\/observatorio-democracia.pt\/wp-content\/uploads\/2022\/04\/logo-observatorio-democracia-forms.jpg\",\"width\":400,\"height\":98,\"caption\":\"Observat\u00f3rio da Democracia e da Representa\u00e7\u00e3o Pol\u00edtica\"},\"image\":{\"@id\":\"https:\/\/observatorio-democracia.pt\/en\/#\/schema\/logo\/image\/\"},\"sameAs\":[\"https:\/\/www.facebook.com\/observatorio.democracia.representacao.politica\",\"https:\/\/x.com\/Observatorioda4\",\"https:\/\/www.instagram.com\/observatoriodrp\/\"]}]}<\/script>\n<!-- \/ Yoast SEO plugin. -->","yoast_head_json":{"title":"Activists doing things with their words | Observat\u00f3rio da Democracia e da Representa\u00e7\u00e3o Pol\u00edtica","description":"The Social Movements and Political Action Seminar will hold the session \u201cActivists doing things with their words\u201d","robots":{"index":"index","follow":"follow","max-snippet":"max-snippet:-1","max-image-preview":"max-image-preview:large","max-video-preview":"max-video-preview:-1"},"canonical":"https:\/\/observatorio-democracia.pt\/en\/events\/activists-doing-things-with-their-words\/","og_locale":"en_US","og_type":"article","og_title":"Activists doing things with their words | Observat\u00f3rio da Democracia e da Representa\u00e7\u00e3o Pol\u00edtica","og_description":"The Social Movements and Political Action Seminar will hold the session \u201cActivists doing things with their words\u201d","og_url":"https:\/\/observatorio-democracia.pt\/en\/events\/activists-doing-things-with-their-words\/","og_site_name":"Observat\u00f3rio da Democracia e da Representa\u00e7\u00e3o Pol\u00edtica","article_publisher":"https:\/\/www.facebook.com\/observatorio.democracia.representacao.politica","article_modified_time":"2022-10-18T18:25:43+00:00","og_image":[{"width":684,"height":385,"url":"https:\/\/observatorio-democracia.pt\/wp-content\/uploads\/2022\/10\/Activists-doing-things-with-their-words.png","type":"image\/png"}],"twitter_card":"summary_large_image","twitter_site":"@Observatorioda4","twitter_misc":{"Est. reading time":"1 minute"},"schema":{"@context":"https:\/\/schema.org","@graph":[{"@type":"WebPage","@id":"https:\/\/observatorio-democracia.pt\/en\/events\/activists-doing-things-with-their-words\/","url":"https:\/\/observatorio-democracia.pt\/en\/events\/activists-doing-things-with-their-words\/","name":"Activists doing things with their words | Observat\u00f3rio da Democracia e da Representa\u00e7\u00e3o Pol\u00edtica","isPartOf":{"@id":"https:\/\/observatorio-democracia.pt\/en\/#website"},"primaryImageOfPage":{"@id":"https:\/\/observatorio-democracia.pt\/en\/events\/activists-doing-things-with-their-words\/#primaryimage"},"image":{"@id":"https:\/\/observatorio-democracia.pt\/en\/events\/activists-doing-things-with-their-words\/#primaryimage"},"thumbnailUrl":"https:\/\/observatorio-democracia.pt\/wp-content\/uploads\/2022\/10\/Activists-doing-things-with-their-words.png","datePublished":"2022-10-18T18:21:48+00:00","dateModified":"2022-10-18T18:25:43+00:00","description":"The Social Movements and Political Action Seminar will hold the session \u201cActivists doing things with their words\u201d","breadcrumb":{"@id":"https:\/\/observatorio-democracia.pt\/en\/events\/activists-doing-things-with-their-words\/#breadcrumb"},"inLanguage":"en-US","potentialAction":[{"@type":"ReadAction","target":["https:\/\/observatorio-democracia.pt\/en\/events\/activists-doing-things-with-their-words\/"]}]},{"@type":"ImageObject","inLanguage":"en-US","@id":"https:\/\/observatorio-democracia.pt\/en\/events\/activists-doing-things-with-their-words\/#primaryimage","url":"https:\/\/observatorio-democracia.pt\/wp-content\/uploads\/2022\/10\/Activists-doing-things-with-their-words.png","contentUrl":"https:\/\/observatorio-democracia.pt\/wp-content\/uploads\/2022\/10\/Activists-doing-things-with-their-words.png","width":684,"height":385},{"@type":"BreadcrumbList","@id":"https:\/\/observatorio-democracia.pt\/en\/events\/activists-doing-things-with-their-words\/#breadcrumb","itemListElement":[{"@type":"ListItem","position":1,"name":"In\u00edcio","item":"https:\/\/observatorio-democracia.pt\/en\/"},{"@type":"ListItem","position":2,"name":"Events","item":"https:\/\/observatorio-democracia.pt\/en\/events\/"},{"@type":"ListItem","position":3,"name":"Activists doing things with their words"}]},{"@type":"WebSite","@id":"https:\/\/observatorio-democracia.pt\/en\/#website","url":"https:\/\/observatorio-democracia.pt\/en\/","name":"Observat\u00f3rio da Democracia e da Representa\u00e7\u00e3o Pol\u00edtica","description":"Um bem para a Cidadania","publisher":{"@id":"https:\/\/observatorio-democracia.pt\/en\/#organization"},"potentialAction":[{"@type":"SearchAction","target":{"@type":"EntryPoint","urlTemplate":"https:\/\/observatorio-democracia.pt\/en\/?s={search_term_string}"},"query-input":{"@type":"PropertyValueSpecification","valueRequired":true,"valueName":"search_term_string"}}],"inLanguage":"en-US"},{"@type":"Organization","@id":"https:\/\/observatorio-democracia.pt\/en\/#organization","name":"Observat\u00f3rio da Democracia e da Representa\u00e7\u00e3o Pol\u00edtica","url":"https:\/\/observatorio-democracia.pt\/en\/","logo":{"@type":"ImageObject","inLanguage":"en-US","@id":"https:\/\/observatorio-democracia.pt\/en\/#\/schema\/logo\/image\/","url":"https:\/\/observatorio-democracia.pt\/wp-content\/uploads\/2022\/04\/logo-observatorio-democracia-forms.jpg","contentUrl":"https:\/\/observatorio-democracia.pt\/wp-content\/uploads\/2022\/04\/logo-observatorio-democracia-forms.jpg","width":400,"height":98,"caption":"Observat\u00f3rio da Democracia e da Representa\u00e7\u00e3o Pol\u00edtica"},"image":{"@id":"https:\/\/observatorio-democracia.pt\/en\/#\/schema\/logo\/image\/"},"sameAs":["https:\/\/www.facebook.com\/observatorio.democracia.representacao.politica","https:\/\/x.com\/Observatorioda4","https:\/\/www.instagram.com\/observatoriodrp\/"]}]}},"_links":{"self":[{"href":"https:\/\/observatorio-democracia.pt\/en\/wp-json\/wp\/v2\/mec-events\/53006","targetHints":{"allow":["GET"]}}],"collection":[{"href":"https:\/\/observatorio-democracia.pt\/en\/wp-json\/wp\/v2\/mec-events"}],"about":[{"href":"https:\/\/observatorio-democracia.pt\/en\/wp-json\/wp\/v2\/types\/mec-events"}],"author":[{"embeddable":true,"href":"https:\/\/observatorio-democracia.pt\/en\/wp-json\/wp\/v2\/users\/2"}],"replies":[{"embeddable":true,"href":"https:\/\/observatorio-democracia.pt\/en\/wp-json\/wp\/v2\/comments?post=53006"}],"wp:featuredmedia":[{"embeddable":true,"href":"https:\/\/observatorio-democracia.pt\/en\/wp-json\/wp\/v2\/media\/53003"}],"wp:attachment":[{"href":"https:\/\/observatorio-democracia.pt\/en\/wp-json\/wp\/v2\/media?parent=53006"}],"wp:term":[{"taxonomy":"post_tag","embeddable":true,"href":"https:\/\/observatorio-democracia.pt\/en\/wp-json\/wp\/v2\/tags?post=53006"},{"taxonomy":"mec_category","embeddable":true,"href":"https:\/\/observatorio-democracia.pt\/en\/wp-json\/wp\/v2\/mec_category?post=53006"}],"curies":[{"name":"wp","href":"https:\/\/api.w.org\/{rel}","templated":true}]}}

<p><img fetchpriority="high" decoding="async" class="alignnone size-medium wp-image-53003" src="https://observatorio-democracia.pt/wp-content/uploads/2022/10/Activists-doing-things-with-their-words-300x169.png" alt="" width="300" height="169" srcset="https://observatorio-democracia.pt/wp-content/uploads/2022/10/Activists-doing-things-with-their-words-300x169.png 300w, https://observatorio-democracia.pt/wp-content/uploads/2022/10/Activists-doing-things-with-their-words.png 684w" sizes="(max-width: 300px) 100vw, 300px" /></p>
<p>The Social Movements and Political Action Seminar will hold on Wednesday, November 30, 2022, at 5 pm, the session “Activists doing things with their words”, establishing an analysis of political activism from the theory of argumentation point of view, in a dialogue between the philosophy of language and political theory.</p>
<p>This session will be presented by Álvaro Domíguez Armas, PhD student at ArgLab and member of the COST Action European Network for Public Policy Argumentation and Analysis.</p>
<p>Organized by Guya Accornero and Tiago Carvalho, the Social Movements and Political Action Seminar takes place on a monthly basis and promotes multidisciplinary reflection on topics related to social movements and different forms of political action, dialoguing with different perspectives, methodologies and approaches.</p>
<p><strong>Information: </strong>Social Movements and Political Action Seminar “Activists doing things with their words”, Wednesday, November 30, 2022, at 5 pm, Auditorium 4, building 1, hybrid format.</p>
<p>Zoom Link:</p>

<!-- This site is optimized with the Yoast SEO plugin v24.7 - https://yoast.com/wordpress/plugins/seo/ -->
<title>Activists doing things with their words | Observatório da Democracia e da Representação Política</title>
<meta name="description" content="The Social Movements and Political Action Seminar will hold the session “Activists doing things with their words”" />
<meta name="robots" content="index, follow, max-snippet:-1, max-image-preview:large, max-video-preview:-1" />
<link rel="canonical" href="https://observatorio-democracia.pt/en/events/activists-doing-things-with-their-words/" />
<meta property="og:locale" content="en_US" />
<meta property="og:type" content="article" />
<meta property="og:title" content="Activists doing things with their words | Observatório da Democracia e da Representação Política" />
<meta property="og:description" content="The Social Movements and Political Action Seminar will hold the session “Activists doing things with their words”" />
<meta property="og:url" content="https://observatorio-democracia.pt/en/events/activists-doing-things-with-their-words/" />
<meta property="og:site_name" content="Observatório da Democracia e da Representação Política" />
<meta property="article:publisher" content="https://www.facebook.com/observatorio.democracia.representacao.politica" />
<meta property="article:modified_time" content="2022-10-18T18:25:43+00:00" />
<meta property="og:image" content="https://observatorio-democracia.pt/wp-content/uploads/2022/10/Activists-doing-things-with-their-words.png" />
	<meta property="og:image:width" content="684" />
	<meta property="og:image:height" content="385" />
	<meta property="og:image:type" content="image/png" />
<meta name="twitter:card" content="summary_large_image" />
<meta name="twitter:site" content="@Observatorioda4" />
<meta name="twitter:label1" content="Est. reading time" />
	<meta name="twitter:data1" content="1 minute" />
<script type="application/ld+json" class="yoast-schema-graph">{"@context":"https://schema.org","@graph":[{"@type":"WebPage","@id":"https://observatorio-democracia.pt/en/events/activists-doing-things-with-their-words/","url":"https://observatorio-democracia.pt/en/events/activists-doing-things-with-their-words/","name":"Activists doing things with their words | Observatório da Democracia e da Representação Política","isPartOf":{"@id":"https://observatorio-democracia.pt/en/#website"},"primaryImageOfPage":{"@id":"https://observatorio-democracia.pt/en/events/activists-doing-things-with-their-words/#primaryimage"},"image":{"@id":"https://observatorio-democracia.pt/en/events/activists-doing-things-with-their-words/#primaryimage"},"thumbnailUrl":"https://observatorio-democracia.pt/wp-content/uploads/2022/10/Activists-doing-things-with-their-words.png","datePublished":"2022-10-18T18:21:48+00:00","dateModified":"2022-10-18T18:25:43+00:00","description":"The Social Movements and Political Action Seminar will hold the session “Activists doing things with their words”","breadcrumb":{"@id":"https://observatorio-democracia.pt/en/events/activists-doing-things-with-their-words/#breadcrumb"},"inLanguage":"en-US","potentialAction":[{"@type":"ReadAction","target":["https://observatorio-democracia.pt/en/events/activists-doing-things-with-their-words/"]}]},{"@type":"ImageObject","inLanguage":"en-US","@id":"https://observatorio-democracia.pt/en/events/activists-doing-things-with-their-words/#primaryimage","url":"https://observatorio-democracia.pt/wp-content/uploads/2022/10/Activists-doing-things-with-their-words.png","contentUrl":"https://observatorio-democracia.pt/wp-content/uploads/2022/10/Activists-doing-things-with-their-words.png","width":684,"height":385},{"@type":"BreadcrumbList","@id":"https://observatorio-democracia.pt/en/events/activists-doing-things-with-their-words/#breadcrumb","itemListElement":[{"@type":"ListItem","position":1,"name":"Início","item":"https://observatorio-democracia.pt/en/"},{"@type":"ListItem","position":2,"name":"Events","item":"https://observatorio-democracia.pt/en/events/"},{"@type":"ListItem","position":3,"name":"Activists doing things with their words"}]},{"@type":"WebSite","@id":"https://observatorio-democracia.pt/en/#website","url":"https://observatorio-democracia.pt/en/","name":"Observatório da Democracia e da Representação Política","description":"Um bem para a Cidadania","publisher":{"@id":"https://observatorio-democracia.pt/en/#organization"},"potentialAction":[{"@type":"SearchAction","target":{"@type":"EntryPoint","urlTemplate":"https://observatorio-democracia.pt/en/?s={search_term_string}"},"query-input":{"@type":"PropertyValueSpecification","valueRequired":true,"valueName":"search_term_string"}}],"inLanguage":"en-US"},{"@type":"Organization","@id":"https://observatorio-democracia.pt/en/#organization","name":"Observatório da Democracia e da Representação Política","url":"https://observatorio-democracia.pt/en/","logo":{"@type":"ImageObject","inLanguage":"en-US","@id":"https://observatorio-democracia.pt/en/#/schema/logo/image/","url":"https://observatorio-democracia.pt/wp-content/uploads/2022/04/logo-observatorio-democracia-forms.jpg","contentUrl":"https://observatorio-democracia.pt/wp-content/uploads/2022/04/logo-observatorio-democracia-forms.jpg","width":400,"height":98,"caption":"Observatório da Democracia e da Representação Política"},"image":{"@id":"https://observatorio-democracia.pt/en/#/schema/logo/image/"},"sameAs":["https://www.facebook.com/observatorio.democracia.representacao.politica","https://x.com/Observatorioda4","https://www.instagram.com/observatoriodrp/"]}]}</script>
<!-- / Yoast SEO plugin. -->

Activists doing things with their words | Observatório da Democracia e da Representação Política

Observatório da Democracia e da Representação Política

Início
